 71704 is divided by 172.
152
What is the remainder when 73386390 is divided by 121?
11
Calculate the remainder when 13965670 is divided by 388.
386
What is the remainder when 74483 is divided by 2102?
913
Calculate the remainder when 17674196 is divided by 450.
446
Calculate the remainder when 8895591 is divided by 306741.
102
Calculate the remainder when 304338 is divided by 3675.
2988
What is the remainder when 3851057 is divided by 1978?
1869
What is the remainder when 4526426 is divided by 1019?
28
What is the remainder when 294177 is divided by 73075?
1877
What is the remainder when 258924 is divided by 28769?
3
Calculate the remainder when 71070 is divided by 6159.
3321
What is the remainder when 60730 is divided by 88?
10
What is the remainder when 27972 is divided by 27971?
1
Calculate the remainder when 4281657 is divided by 4455.
402
What is the remainder when 1978133 is divided by 861?
416
Calculate the remainder when 12401192 is divided by 51.
32
What is the remainder when 7601881 is divided by 148?
9
What is the remainder when 64570 is divided by 269?
10
Calculate the remainder when 14151 is divided by 2651.
896
What is the remainder when 623463 is divided by 1249?
212
Calculate the remainder when 149706 is divided by 74813.
80
Calculate the remainder when 194840 is divided by 97266.
308
What is the remainder when 4805668 is divided by 99?
10
Calculate the remainder when 188347 is divided by 94164.
19
What is the remainder when 1374952 is divided by 195?
7
Calculate the remainder when 3441259 is divided by 57.
55
Calculate the remainder when 2644420 is divided by 6661.
3
What is the remainder when 56606965 is divided by 37?
36
Calculate the remainder when 641020 is divided by 159610.
2580
Calculate the remainder when 157240 is divided by 5063.
287
Calculate the remainder when 227587 is divided by 45383.
672
What is the remainder when 103386 is divided by 6890?
36
What is the remainder when 5892710 is divided by 4095?
5
Calculate the remainder when 274506 is divided by 646.
602
What is the remainder when 294452 is divided by 48986?
536
Calculate the remainder when 29575021 is divided by 463.
433
Calculate the remainder when 9689520 is divided by 509970.
90
Calculate the remainder when 8400546 is divided by 2100133.
14
What is the remainder when 285381 is divided by 2378?
21
What is the remainder when 50820 is divided by 2799?
438
What is the remainder when 23512769 is divided by 4837?
112
Calculate the remainder when 9644 is divided by 1204.
12
Calculate the remainder when 100909 is divided by 46920.
7069
Calculate the remainder when 86739 is divided by 385.
114
What is the remainder when 46955 is divided by 46909?
46
Calculate the remainder when 698640 is divided by 125.
15
What is the remainder when 6318 is divided by 1298?
1126
Calculate the remainder when 1235794 is divided by 1953.
1498
Calculate the remainder when 730245 is divided by 9362.
9
Calculate the remainder when 9910416 is divided by 65.
61
What is the remainder when 16380693 is divided by 147?
42
Calculate the remainder when 148955 is divided by 220.
15
What is the remainder when 64819972 is divided by 2255?
2252
Calculate the remainder when 8401943 is divided by 107717.
17
What is the remainder when 150449399 is divided by 50?
49
Calculate the remainder when 58435 is divided by 800.
35
What is the remainder when 618814 is divided by 103090?
274
What is the remainder when 32420 is divided by 718?
110
Calculate the remainder when 235897860 is divided by 883.
878
What is the remainder when 1349182 is divided by 1401?
19
Calculate the remainder when 414726 is divided by 414477.
249
What is the remainder when 61163 is divided by 19661?
2180
Calculate the remainder when 1768964166 is divided by 7.
4
What is the remainder when 221633 is divided by 1832?
1793
What is the remainder when 61036 is divided by 2047?
1673
What is the remainder when 56973360 is divided by 3374?
3370
What is the remainder when 1215305 is divided by 1593?
1439
Calculate the remainder when 65161895 is divided by 12.
11
What is the remainder when 99553 is divided by 509?
298
Calculate the remainder when 8228610 is divided by 118.
116
What is the remainder when 894320 is divided by 11?
9
Calculate the remainder when 305136 is divided by 4180.
4176
What is the remainder when 3084842 is divided by 635?
12
Calculate the remainder when 207441 is divided by 943.
924
Calculate the remainder when 2060337 is divided by 257411.
1049
Calculate the remainder when 46682 is divided by 3744.
1754
What is the remainder when 2686686 is divided by 31?
9
Calculate the remainder when 16359408 is divided by 564116.
44
Calculate the remainder when 108989 is divided by 10897.
19
What is the remainder when 2158076 is divided by 48?
44
Calculate the remainder when 2108688 is divided by 263584.
16
What is the remainder when 4890635 is divided by 2445312?
11
What is the remainder when 51042 is divided by 879?
60
What is the remainder when 2534842 is divided by 253?
35
Calculate the remainder when 5281634 is divided by 218.
148
What is the remainder when 663926 is divided by 3032?
2950
What is the remainder when 25000499 is divided by 6250124?
3
Calculate the remainder when 43807 is divided by 1903.
38
What is the remainder when 1770585 is divided by 17190?
15
Calculate the remainder when 174702 is divided by 3712.
238
Calculate the remainder when 2945 is divided by 1898.
1047
Calculate the remainder when 676785 is divided by 96583.
704
Calculate the remainder when 4134301 is divided by 79.
73
Calculate the remainder when 2130337 is divided by 355046.
61
Calculate the remainder when 369802 is divided by 10876.
18
Calculate the remainder when 2676661 is divided by 2676660.
1
Calculate the remainder when 8102169 is divided by 168.
33
Calculate the remainder when 532682900 is divided by 21.
8
What is the remainder when 36081 is divided by 288?
81
What is the remainder when 150647 is divided by 2183?
20
Calculate the remainder when 1505120 is divided by 1742.
32
Calculate the remainder when 35202832 is divided by 30558.
16
What is the remainder when 826349 is divided by 75120?
29
Calculate the remainder when 328396 is divided by 4054.
22
Calculate the remainder when 14680077 is divided by 62.
27
Calculate the remainder when 285150 is divided by 8910.
30
Calculate the remainder when 8478 is divided by 79.
25
Calculate the remainder when 1235437 is divided by 5216.
4461
Calculate the remainder when 53821690 is divided by 14.
6
What is the remainder when 77469173 is divided by 832?
821
Calculate the remainder when 30958 is divided by 9877.
1327
Calculate the remainder when 12862930 is divided by 15.
10
What is the remainder when 37022 is divided by 3970?
1292
Calculate the remainder when 390649 is divided by 97633.
117
Calculate the remainder when 75316590 is divided by 327.
315
Calculate the remainder when 203227 is divided by 97.
12
Calculate the remainder when 1362230 is divided by 151352.
62
Calculate the remainder when 1137129 is divided by 27070.
189
Calculate the remainder when 6626695 is divided by 1656669.
19
What is the remainder when 232960181 is divided by 1041?
1037
What is the remainder when 36752597 is divided by 52?
37
What is the remainder when 25627195 is divided by 481?
477
Calculate the remainder when 947036 is divided by 14349.
2
Calculate the remainder when 17923004 is divided by 96360.
44
Calculate the remainder when 52362 is divided by 26172.
18
What is the remainder when 76067 is divided by 12433?
1469
What is the remainder when 827378 is divided by 17?
5
Calculate the remainder when 58017816 is divided by 3.
0
What is the remainder when 404479 is divided by 67396?
103
Calculate the remainder when 3605558 is divided by 49.
40
What is the remainder when 211921 is divided by 105951?
19
What is the remainder when 1450963 is divided by 290170?
113
What is the remainder when 6929130 is divided by 1738?
1462
What is the remainder when 2293737615 is divided by 376?
375
What is the remainder when 3788074 is divided by 160?
74
Calculate the remainder when 110234 is divided by 535.
24
What is the remainder when 20175874 is divided by 2124?
2122
What is the remainder when 250034 is divided by 5853?
4208
Calculate t